 of w?
9
Suppose -4*f + 811 = -5*y, -f - 2*y = -4*y - 205. What is the tens digit of f?
9
Let w(g) = -g**3 + 2*g**2 - 2. Let q be w(2). Let v be (4 + 0)*9/(-6). Let d = q - v. What is the units digit of d?
4
Suppose -4*z + 3*t = -92, 2*t + 46 = 2*z - 0*t. Suppose g + z = 2*g. What is the units digit of g?
3
Let u be ((-39)/52)/(1/8). Let o = -38 + 64. What is the units digit of 48/o + u/(-39)?
2
Let y(b) = -b**3 + b**2 + 6*b + 2. What is the units digit of y(-4)?
8
Let k(o) = 2*o**2 - 5*o + 7. What is the tens digit of k(4)?
1
Suppose -i + 39 = -3*t, i = -2*i + 4*t + 92. Let p = i + 3. What is the tens digit of p?
2
Suppose 2*h - 13*h = -561. What is the tens digit of h?
5
Suppose -2*g + 6*g + 4*a = -24, 5*g + 30 = -3*a. Let w = 0 - g. Suppose -2*k + w*k = -z + 62, 3*z + 54 = 4*k. What is the units digit of k?
5
Let x(p) = -47*p. Let m be -2 - 3/(-9)*3. What is the tens digit of x(m)?
4
Suppose 1245 = 3*r + 3*v, 4*r - 2*v - 1696 = 3*v. What is the tens digit of r?
1
Let i(f) = 0 + 5 + 2*f**2 - 2. What is the units digit of i(3)?
1
Let h be (-69)/(-18) + (-3)/(-18). Suppose h*o - 162 = 26. What is the units digit of o?
7
Suppose 108*f - 102*f = 2046. What is the tens digit of f?
4
Let v = -5 - -8. Suppose 4*d + d - 5*t = 10, -4*d + t - 4 = 0. What is the tens digit of ((-26)/v)/(d/3)?
1
Suppose 0*g - 30 = -3*g. Suppose -4*l + g = -2*l. Suppose u + 2 = l. What is the units digit of u?
3
Let g = -41 + 440. What is the tens digit of g?
9
Let m = 31 - 10. Suppose 5*a + 34 = -m. Let t = 23 + a. What is the tens digit of t?
1
Let z = 3 + -4. Let j be -4 - z - -5 - -3. Suppose -4*r + 43 = -f, 2*r + j*f - 37 = r. What is the units digit of r?
2
What is the units digit of 4 + 1/(-2)*-620?
4
Let n(l) = -l**3 - 2*l + 24. What is the units digit of n(0)?
4
Suppose -g + 5*h = -21, 7 = 5*g - 4*h - 14. What is the units digit of g?
1
Let b be (-1*3)/(3/(-3)). Suppose b = 3*m - 0. Suppose 0 = 2*a - 3 + m. What is the units digit of a?
1
Suppose 5*h - 27 = -t, 4*t - 13 = -h - 0*h. Suppose 0 = -5*g - t*a + 5, -g - 4*a = -9*a + 26. Let c = g + 2. What is the units digit of c?
1
Let a = -4 - -7. Let w = a + -4. Let t(g) = 4*g**2 - 1. What is the units digit of t(w)?
3
Let x(z) be the first derivative of -3*z**2 + z + 1. Let g be x(-2). Suppose -o + g = 2*i, -3*i + o - 5*o = -17. What is the units digit of i?
7
Let q(p) = 22*p - 14. What is the tens digit of q(4)?
7
Suppose -6*r + r = n - 61, -2*n = 5*r - 57. What is the units digit of r?
3
Let f(g) = g**2 - 7*g - 6. Let t be f(8). Suppose -l = -c - 9, t*l + 3*c = 4*c + 20. What is the tens digit of l?
1
Let u(q) = q**2 - 1. Let f(c) = 2*c + 10. Let z be f(-7). What is the units digit of u(z)?
5
Let c = 36 + -21. What is the units digit of c?
5
Let f(q) be the second derivative of q**4/12 - 11*q**3/6 + 11*q**2/2 + 2*q. What is the units digit of f(10)?
1
Suppose 0 = 4*v + 2*d - 350, 5*v - 184 - 254 = -2*d. What is the units digit of v?
8
Suppose -3*i - 53 = 3*w - 140, -5*w + 161 = i. Suppose w - 2 = r - 5*q, 101 = 5*r + 2*q. What is the tens digit of r?
2
Let l = -13 + 18. Suppose -2*a - 85 = -5*a + 5*o, -l*a + o = -149. What is the tens digit of a?
3
Let q(x) = -237*x - 8. What is the tens digit of q(-1)?
2
Let d = 44 + -27. What is the tens digit of d?
1
Let n be (2 + 8)/(0 - -2). Suppose 0 = 2*b + 4*p - 36, -4*p - 3 = -n*b + 17. What is the units digit of b?
8
Let q = -18 + 12. Let l(h) = -7*h - 10. What is the tens digit of l(q)?
3
Suppose 0 = -f - 9*f. Let g be 1/(-2) + 10/4. Suppose f*s = -g*s + 6. What is the units digit of s?
3
Suppose -2*c + 28 = -4*s, -4*s = -c - 3*c + 28. Let i(g) = g**2 + g - 13. Let k be i(0). Let h = s - k. What is the units digit of h?
6
Suppose 0 = -4*u + 3*u. What is the units digit of 5 + (-3)/(-3)*u?
5
Suppose -3*f - 4*n + 81 = -0*f, 3*f - 63 = 2*n. What is the tens digit of f?
2
Let w = 181 + -91. Suppose 0*h + w = 5*h. What is the units digit of h?
8
Let w = 65 - 30. What is the units digit of w?
5
Suppose 7*t - t = 60. What is the units digit of t?
0
Let f(r) = -2*r**3 + 4*r**2 + 3*r + 1. Let z be f(-2). Let i = z - 11. What is the tens digit of i?
1
Let s = -47 - -161. What is the units digit of s?
4
Let g = 2 - -5. Let j = g - -5. What is the tens digit of j?
1
Suppose -5*u = -3*u. Let q be (0 + (-4)/(-14))*7. Suppose u = 2*o + 5*r - 30, o + 4*r + q = 2*o. What is the tens digit of o?
1
Suppose -11*u = -13*u + 374. What is the units digit of u?
7
Let z(b) = -b**2 + 8*b + 7. What is the tens digit of z(5)?
2
Let f(s) = -s**3 - 7*s**2 + 9*s - 8. Let x be f(-8). Let l = 20 + x. What is the units digit of l?
4
Suppose 6*y = 273 + 159. What is the units digit of y?
2
Let k be (-114)/(-42) - (-4)/14. Suppose w = -5*g + 38, 4*g - 9 = -k*w + 61. What is the tens digit of w?
1
Suppose -445 + 55 = -6*t. What is the tens digit of t?
6
Suppose 5*n - 2*a = 1358, -n = 4*a - 87 - 189. What is the hundreds digit of n?
2
Let t be (-2)/(-11) + 1200/(-66). What is the units digit of (t/(-4))/((-2)/(-4))?
9
Let r be 10/8 - (-8)/(-32). Let k be -1*1/2*-24. Let o = k - r. What is the units digit of o?
1
Suppose 30 + 12 = 4*z + 2*o, -4*z - 4*o = -44. What is the tens digit of 182/10 - (-8)/z?
1
Let f(t) = -t**3 + 3*t**2 - 2*t + 3. Let z be f(2). Suppose -7 = -z*g + 2. Suppose 4*l = -m - 4*m + 45, 3*l - g*m = 0. What is the units digit of l?
5
Let m(b) = b - 9. Suppose 0 = -5*o - 3*h + 46, h - 4*h = o - 2. What is the units digit of m(o)?
2
What is the tens digit of -2 + (5 + -5 - -267)?
6
Let g(m) = -m + 1. Let a(y) = y + 1. Let t(j) = -a(j) - 2*g(j). Let r be t(7). Suppose -r*k = k - 10. What is the units digit of k?
2
Suppose 5*h = h - 4*q + 24, 9 = 3*q. Let l = h - -8. What is the tens digit of (-1242)/(-66) - (-2)/l?
1
Suppose 0*s + 4*s = 4*m + 4, 2*m = 4*s - 8. Suppose -3*d - 9 = 0, -s*w - d + 2 = 2*w. What is the units digit of w?
1
Let s be (-1)/2*(0 - 0). Suppose -3*x + s*x = -84. Suppose 2*y = 4*y - x. What is the tens digit of y?
1
Let z = 12 + -15. Let t(c) = 3*c**2 - 2. What is the units digit of t(z)?
5
Let j(u) = -11*u**3 - u**2 - u + 1. Let c be j(1). Let p be (c/(-10))/(2/(-10)). What is the units digit of (-3)/(-1) + -1 - p?
8
Let x be 2/(-3) - 582/18. Let c(y) = y**3 - 7*y**2 - 2*y - 4. Let z be c(7). Let r = z - x. What is the tens digit of r?
1
Let s = 120 + -70. What is the tens digit of s?
5
Suppose 5*h = -3*t - 57, 25 + 2 = -2*h + 3*t. Let x = h + 18. What is the units digit of x?
6
Let y(u) = -u**3 + 7*u**2 - 3*u - 2. Let h be y(6). Suppose -3*a = a + h. Let t = a - -9. What is the units digit of t?
5
Suppose -4*m - i = -6*i - 1376, 0 = 3*m + 2*i - 1032. What is the tens digit of m?
4
Suppose v + 2*z = 89, v - z = -4*v + 456. What is the units digit of v?
1
Suppose -6*o - 64 = -2*o. What is the tens digit of 23 + o/4 + 0?
1
Let x = -2 - -2. Suppose x*b + 45 = 5*b. What is the units digit of b?
9
Let b = -46 + 81. What is the tens digit of b?
3
Let d = 12 + -8. Suppose 0*m - 16 = -d*m. Suppose 2 - 18 = -m*k. What is the units digit of k?
4
Suppose 3*c - v - 68 = 0, -c = 4*v - 8 - 19. What is the units digit of c?
3
Suppose 0*y + 3*y + 2*g = 16, 3*y - 20 = 2*g. Let p be (5 - (-3 - 0)) + 2. Suppose -4*m + 14 = 3*v, -p = m - y*m. What is the units digit of v?
2
Suppose n + n - 116 = 0. Suppose 95 = 3*h - n. What is the tens digit of h?
5
Suppose -4*r + 20 = 3*u, -5*u + r + 30 - 12 = 0. Suppose 5*d + 2*b = 143 + 20, -171 = -5*d - u*b. What is the tens digit of d?
3
Suppose -4*y = -5*d + 4 + 25, 0 = -d - y + 4. Suppose 0 = -d*a + 3 + 12. What is the units digit of a?
3
Let z(i) = -i**3 - 6*i**2 - 4*i - 3. Let w be z(-5). Let p be ((-2)/3)/((-12)/(-18)). Let a = p - w. What is the units digit of a?
7
Let k be -2 - (-7 + 0/(-3)). Suppose 3 = -k*n - 3*l + 142, 3*n = -5*l + 77. What is the units digit of n?
9
Let l(j) = -3*j - 19. What is the units digit of l(-15)?
6
Let x = 98 - 60. What is the units digit of x?
8
Let t(h) = -h**3 + 7*h**2 - 3*h - 10. What is the units digit of t(4)?
6
Let o = 7 - 12. Let q = o + 12. What is the units digit of q?
7
Let a = 6 + -10. Let f = a + 14. What is the tens digit of f?
1
What is the units digit of ((-106)/(-8))/(6/24)?
3
Let k = -29 - -45. What is the units digit of k?
6
Suppose 4*w + 12 = 5*x, w + w + x = 8. Suppose 0 = -3*m + 3*i + 72,